factors of 89382334?
2, 44691167
What are the prime factors of 39890290?
2, 5, 11, 137, 2647
List the prime factors of 93342979.
587, 159017
What are the prime factors of 1271106584?
2, 11, 37, 390389
What are the prime factors of 339774301?
12967, 26203
What are the prime factors of 131563175?
5, 653, 8059
What are the prime factors of 588985368?
2, 3, 31, 25537
What are the prime factors of 2072517170?
2, 5, 47, 4409611
List the prime factors of 28121488.
2, 61, 28813
What are the prime factors of 52221410?
2, 5, 5222141
List the prime factors of 8834322.
2, 3, 7, 17, 12373
What are the prime factors of 89985391?
89985391
List the prime factors of 698652981.
3, 13, 37, 199, 811
List the prime factors of 806267992.
2, 1283, 78553
What are the prime factors of 2217923222?
2, 9403, 117937
What are the prime factors of 631157184?
2, 3, 7, 17393
What are the prime factors of 1141627825?
5, 13, 19, 184879
List the prime factors of 35494102.
2, 7, 2535293
List the prime factors of 501520722.
2, 3, 29, 2882303
List the prime factors of 184735105.
5, 1579, 23399
What are the prime factors of 2323386779?
7, 5507, 60271
What are the prime factors of 45924547?
31, 67, 22111
What are the prime factors of 3654221300?
2, 5, 36542213
What are the prime factors of 137300772?
2, 3, 7, 17, 96149
List the prime factors of 2898094824.
2, 3, 47, 856411
What are the prime factors of 689252275?
5, 251, 109841
List the prime factors of 412172497.
11, 17, 31, 97, 733
List the prime factors of 759398360.
2, 5, 7, 23, 37, 3187
What are the prime factors of 393517129?
393517129
What are the prime factors of 122408364?
2, 3, 13, 17, 101, 457
List the prime factors of 53929703.
53929703
What are the prime factors of 1104287934?
2, 3, 4447, 41387
What are the prime factors of 1548144139?
47, 271, 121547
What are the prime factors of 216008568?
2, 3, 19, 157901
What are the prime factors of 30996867?
3, 11, 939299
List the prime factors of 2221806994.
2, 11, 347, 291041
List the prime factors of 19067485.
5, 367, 10391
What are the prime factors of 678640560?
2, 3, 5, 13, 443, 491
What are the prime factors of 31468427?
19, 47, 131, 269
What are the prime factors of 4441714231?
4441714231
What are the prime factors of 6229229?
29, 79, 2719
List the prime factors of 128759957.
23, 31, 419, 431
What are the prime factors of 27363236?
2, 41, 166849
What are the prime factors of 454888971?
3, 1381, 36599
What are the prime factors of 33895944?
2, 3, 73, 6449
List the prime factors of 126701075.
5, 5068043
List the prime factors of 83956700.
2, 5, 37, 22691
List the prime factors of 2768571.
3, 13, 23663
List the prime factors of 112267287.
3, 11, 37, 30649
What are the prime factors of 344614096?
2, 19, 461, 2459
List the prime factors of 305295700.
2, 5, 43, 70999
What are the prime factors of 2688888533?
2143, 1254731
What are the prime factors of 756138715?
5, 83, 1822021
List the prime factors of 46730695.
5, 11, 849649
What are the prime factors of 517448407?
7, 577, 128113
What are the prime factors of 1366520112?
2, 3, 17, 37, 47, 107
What are the prime factors of 53721445?
5, 17, 23, 27479
List the prime factors of 178752604.
2, 44688151
What are the prime factors of 247120907?
11, 22465537
What are the prime factors of 49752221?
49752221
What are the prime factors of 8086532369?
103, 859, 91397
What are the prime factors of 312953753?
7, 44707679
What are the prime factors of 83846527?
71, 1180937
List the prime factors of 16923366.
2, 3, 131, 7177
What are the prime factors of 657288137?
11, 79, 756373
List the prime factors of 40157888.
2, 53, 11839
What are the prime factors of 29982913?
37, 810349
List the prime factors of 263198204.
2, 599, 109849
List the prime factors of 95465272.
2, 7, 19, 23, 47, 83
List the prime factors of 226503919.
43, 61, 86353
List the prime factors of 2117058940.
2, 5, 105852947
What are the prime factors of 8135203148?
2, 31, 2437, 26921
What are the prime factors of 2836454415?
3, 5, 23, 41, 193, 1039
List the prime factors of 55719081.
3, 11, 17, 33107
List the prime factors of 212592165.
3, 5, 14172811
What are the prime factors of 1137359973?
3, 8819, 42989
What are the prime factors of 288514784?
2, 9016087
What are the prime factors of 129509391?
3, 11, 3924527
List the prime factors of 51390449.
11, 4671859
What are the prime factors of 227857180?
2, 5, 11392859
What are the prime factors of 1223257305?
3, 5, 3727, 21881
What are the prime factors of 3590005?
5, 227, 3163
List the prime factors of 21253945.
5, 107, 39727
List the prime factors of 24955810.
2, 5, 11, 226871
List the prime factors of 915924200.
2, 5, 4579621
List the prime factors of 516738938.
2, 31, 8334499
List the prime factors of 1056320322.
2, 3, 176053387
What are the prime factors of 2727491351?
13, 209807027
List the prime factors of 424624493.
67, 6337679
List the prime factors of 510504270.
2, 3, 5, 17016809
What are the prime factors of 24296580?
2, 3, 5, 7, 11, 1753
What are the prime factors of 66707101?
66707101
What are the prime factors of 18871755?
3, 5, 7, 191, 941
What are the prime factors of 107790307?
193, 558499
List the prime factors of 6544227255.
3, 5, 31, 577, 24391
What are the prime factors of 121419565?
5, 47, 516679
List the prime factors of 297400874.
2, 3533, 42089
List the prime factors of 10542316.
2, 67, 139, 283
What are the prime factors of 45291578?
2, 2137, 10597
List the prime factors of 7144881.
3, 23, 103549
List the prime factors of 30306524.
2, 2207, 3433
List the prime factors of 208228657.
7, 13, 19, 83, 1451
List the prime factors of 179799096.
2, 3, 23, 325723
What are the prime factors of 170747902?
2, 13, 6567227
What are the prime factors of 42891779?
7, 167, 36691
What are the prime factors of 148619235?
3, 5, 19, 521471
List the prime factors of 119958839.
7, 11, 13, 119839
List the prime factors of 305746757.
305746757
What are the prime factors of 2268294605?
5, 107, 4239803
List the prime factors of 681148522.
2, 340574261
What are the prime factors of 36751750?
2, 5, 7, 21001
What are the prime factors of 77644479?
3, 11, 73, 167, 193
What are the prime factors of 68287158?
2, 3, 1264577
List the prime factors of 266115781.
266115781
List the prime factors of 10540979.
113, 93283
List the prime factors of 49262001.
3, 71, 231277
What are the prime factors of 1143939302?
2, 11, 389, 133669
What are the prime factors of 3398177629?
7, 11, 59, 748003
What are the prime factors of 3532744162?
2, 3167, 557743
List the prime factors of 428598345.
3, 5, 7, 583127
List the prime factors of 379660855.
5, 7, 10847453
What are the prime factors of 1563793192?
2, 13, 15036473
What are the prime factors of 56243718?
2, 3, 17, 41, 4483
What are the prime factors of 48508495?
5, 7, 23, 60259
List the prime factors of 4034909922.
2, 3, 672484987
What are the prime factors of 1095358564?
2, 273839641
What are the prime factors of 641781699?
3, 13, 16455941
List the prime factors of 4391624619.
3, 6703, 72797
What are the prime factors of 35913641?
35913641
List the prime factors of 73458815.
5, 101, 145463
What are the prime factors of 59153501?
11, 5377591
What are the prime factors of 612669878?
2, 11321, 27059
List the prime factors of 143269468.
2, 35817367
List the prime factors of 1965645488.
2, 6991, 17573
What are the prime factors of 52502229?
3, 13, 149579
List the prime factors of 118891851.
3, 13, 29, 31, 3391
What are the prime factors of 187496962?
2, 93748481
List the prime factors of 8441864.
2, 1055233
List the prime factors of 1025855185.
5, 347, 591271
What are the prime factors of 7198574978?
2, 7, 514183927
What are the prime factors of 45025911?
3, 7, 17, 2473
List the prime factors of 5142645655.
5, 7, 146932733
List the prime factors of 212653183.
41, 5186663
What are the prime factors of 1485432100?
2, 5, 14854321
List the prime factors of 62621404.
2, 17, 79, 11657
List the prime factors of 3706290968.
2, 6673, 69427
What are the prime factors of 499500447?
3, 4457, 37357
List the prime factors of 142712169.
3, 47570723
What are the prime factors of 700206?
2, 3, 13, 47, 191
What are the prime factors of 268408220?
2, 5, 1693, 7927
List the prime factors of 18140256.
2, 3, 62987
What are the 